{"id":18,"date":"2025-12-16T12:41:26","date_gmt":"2025-12-16T11:41:26","guid":{"rendered":"https:\/\/pavlosphoto.pl\/?page_id=18"},"modified":"2025-12-18T20:43:51","modified_gmt":"2025-12-18T19:43:51","slug":"podroz-w-glab","status":"publish","type":"page","link":"https:\/\/pavlosphoto.pl\/index.php\/podroz-w-glab\/","title":{"rendered":"RYTUA\u0141Y"},"content":{"rendered":"\t\t<div data-elementor-type=\"wp-page\" data-elementor-id=\"18\" class=\"elementor elementor-18\">\n\t\t\t\t<div class=\"elementor-element elementor-element-10deea88 e-flex e-con-boxed e-con e-parent\" data-id=\"10deea88\" data-element_type=\"container\">\n\t\t\t\t\t<div class=\"e-con-inner\">\n\t\t\t\t<div class=\"elementor-element elementor-element-165e29eb elementor-widget elementor-widget-text-editor\" data-id=\"165e29eb\" data-element_type=\"widget\" data-widget_type=\"text-editor.default\">\n\t\t\t\t\t\t\t\t\t<p><\/p>\n<p class=\"has-text-align-center\">Podr\u00f3\u017c w G\u0142\u0105b<\/p>\n<p><\/p>\n<p><\/p>\n<p class=\"has-text-align-center\" style=\"font-style: normal;font-weight: 100\">Rytua\u0142 to co\u015b wi\u0119cej ni\u017c sesja zdj\u0119ciowa. To proces transformacji, w kt\u00f3rym fotografia staje si\u0119 narz\u0119dziem uzdrawiania i odkrywania. \u0141\u0105czymy prac\u0119 z cia\u0142em, oddechem i intencj\u0105, aby dotrze\u0107 do tego, co w Tobie najg\u0142\u0119bsze i najprawdziwsze.<\/p>\n<p><\/p>\n<p><\/p>\t\t\t\t\t\t\t\t<\/div>\n\t\t\t\t\t<\/div>\n\t\t\t\t<\/div>\n\t\t<div class=\"elementor-element elementor-element-cd3568f e-grid e-con-boxed e-con e-parent\" data-id=\"cd3568f\" data-element_type=\"container\">\n\t\t\t\t\t<div class=\"e-con-inner\">\n\t\t\t\t<div class=\"elementor-element elementor-element-06664ad elementor-widget elementor-widget-image\" data-id=\"06664ad\" data-element_type=\"widget\" data-widget_type=\"image.default\">\n\t\t\t\t\t\t\t\t\t\t\t\t\t\t\t<img fetchpriority=\"high\" decoding=\"async\" width=\"683\" height=\"1024\" src=\"https:\/\/pavlosphoto.pl\/wp-content\/uploads\/2025\/12\/me-15-1-683x1024.jpg\" class=\"attachment-large size-large wp-image-160\" alt=\"\" srcset=\"https:\/\/pavlosphoto.pl\/wp-content\/uploads\/2025\/12\/me-15-1-683x1024.jpg 683w, https:\/\/pavlosphoto.pl\/wp-content\/uploads\/2025\/12\/me-15-1-200x300.jpg 200w, https:\/\/pavlosphoto.pl\/wp-content\/uploads\/2025\/12\/me-15-1-768x1152.jpg 768w, https:\/\/pavlosphoto.pl\/wp-content\/uploads\/2025\/12\/me-15-1-1024x1536.jpg 1024w, https:\/\/pavlosphoto.pl\/wp-content\/uploads\/2025\/12\/me-15-1.jpg 1365w\" sizes=\"(max-width: 683px) 100vw, 683px\" \/>\t\t\t\t\t\t\t\t\t\t\t\t\t\t\t<\/div>\n\t\t\t\t<div class=\"elementor-element elementor-element-cd35717 elementor-widget elementor-widget-image\" data-id=\"cd35717\" data-element_type=\"widget\" data-widget_type=\"image.default\">\n\t\t\t\t\t\t\t\t\t\t\t\t\t\t\t<img decoding=\"async\" width=\"1024\" height=\"683\" src=\"https:\/\/pavlosphoto.pl\/wp-content\/uploads\/2025\/12\/o4-1024x683.png\" class=\"attachment-large size-large wp-image-162\" alt=\"\" srcset=\"https:\/\/pavlosphoto.pl\/wp-content\/uploads\/2025\/12\/o4-1024x683.png 1024w, https:\/\/pavlosphoto.pl\/wp-content\/uploads\/2025\/12\/o4-300x200.png 300w, https:\/\/pavlosphoto.pl\/wp-content\/uploads\/2025\/12\/o4-768x512.png 768w, https:\/\/pavlosphoto.pl\/wp-content\/uploads\/2025\/12\/o4-1536x1024.png 1536w, https:\/\/pavlosphoto.pl\/wp-content\/uploads\/2025\/12\/o4-2048x1365.png 2048w\" sizes=\"(max-width: 1024px) 100vw, 1024px\" \/>\t\t\t\t\t\t\t\t\t\t\t\t\t\t\t<\/div>\n\t\t\t\t<div class=\"elementor-element elementor-element-911f1e5 elementor-widget elementor-widget-image\" data-id=\"911f1e5\" data-element_type=\"widget\" data-widget_type=\"image.default\">\n\t\t\t\t\t\t\t\t\t\t\t\t\t\t\t<img decoding=\"async\" width=\"683\" height=\"1024\" src=\"https:\/\/pavlosphoto.pl\/wp-content\/uploads\/2025\/12\/me-12-1-683x1024.jpg\" class=\"attachment-large size-large wp-image-157\" alt=\"\" srcset=\"https:\/\/pavlosphoto.pl\/wp-content\/uploads\/2025\/12\/me-12-1-683x1024.jpg 683w, https:\/\/pavlosphoto.pl\/wp-content\/uploads\/2025\/12\/me-12-1-200x300.jpg 200w, https:\/\/pavlosphoto.pl\/wp-content\/uploads\/2025\/12\/me-12-1-768x1152.jpg 768w, https:\/\/pavlosphoto.pl\/wp-content\/uploads\/2025\/12\/me-12-1-1024x1536.jpg 1024w, https:\/\/pavlosphoto.pl\/wp-content\/uploads\/2025\/12\/me-12-1.jpg 1365w\" sizes=\"(max-width: 683px) 100vw, 683px\" \/>\t\t\t\t\t\t\t\t\t\t\t\t\t\t\t<\/div>\n\t\t\t\t<div class=\"elementor-element elementor-element-aa1c986 elementor-widget elementor-widget-image\" data-id=\"aa1c986\" data-element_type=\"widget\" data-widget_type=\"image.default\">\n\t\t\t\t\t\t\t\t\t\t\t\t\t\t\t<img loading=\"lazy\" decoding=\"async\" width=\"683\" height=\"1024\" src=\"https:\/\/pavlosphoto.pl\/wp-content\/uploads\/2025\/12\/me-16-683x1024.jpg\" class=\"attachment-large size-large wp-image-116\" alt=\"\" srcset=\"https:\/\/pavlosphoto.pl\/wp-content\/uploads\/2025\/12\/me-16-683x1024.jpg 683w, https:\/\/pavlosphoto.pl\/wp-content\/uploads\/2025\/12\/me-16-200x300.jpg 200w, https:\/\/pavlosphoto.pl\/wp-content\/uploads\/2025\/12\/me-16-768x1152.jpg 768w, https:\/\/pavlosphoto.pl\/wp-content\/uploads\/2025\/12\/me-16-1024x1536.jpg 1024w, https:\/\/pavlosphoto.pl\/wp-content\/uploads\/2025\/12\/me-16.jpg 1365w\" sizes=\"(max-width: 683px) 100vw, 683px\" \/>\t\t\t\t\t\t\t\t\t\t\t\t\t\t\t<\/div>\n\t\t\t\t<div class=\"elementor-element elementor-element-8f7ecb1 elementor-widget elementor-widget-image\" data-id=\"8f7ecb1\" data-element_type=\"widget\" data-widget_type=\"image.default\">\n\t\t\t\t\t\t\t\t\t\t\t\t\t\t\t<img loading=\"lazy\" decoding=\"async\" width=\"683\" height=\"1024\" src=\"https:\/\/pavlosphoto.pl\/wp-content\/uploads\/2025\/12\/me-14-1-683x1024.jpg\" class=\"attachment-large size-large wp-image-159\" alt=\"\" srcset=\"https:\/\/pavlosphoto.pl\/wp-content\/uploads\/2025\/12\/me-14-1-683x1024.jpg 683w, https:\/\/pavlosphoto.pl\/wp-content\/uploads\/2025\/12\/me-14-1-200x300.jpg 200w, https:\/\/pavlosphoto.pl\/wp-content\/uploads\/2025\/12\/me-14-1-768x1152.jpg 768w, https:\/\/pavlosphoto.pl\/wp-content\/uploads\/2025\/12\/me-14-1-1024x1536.jpg 1024w, https:\/\/pavlosphoto.pl\/wp-content\/uploads\/2025\/12\/me-14-1.jpg 1365w\" sizes=\"(max-width: 683px) 100vw, 683px\" \/>\t\t\t\t\t\t\t\t\t\t\t\t\t\t\t<\/div>\n\t\t\t\t<div class=\"elementor-element elementor-element-2437a30 elementor-widget elementor-widget-image\" data-id=\"2437a30\" data-element_type=\"widget\" data-widget_type=\"image.default\">\n\t\t\t\t\t\t\t\t\t\t\t\t\t\t\t<img loading=\"lazy\" decoding=\"async\" width=\"683\" height=\"1024\" src=\"https:\/\/pavlosphoto.pl\/wp-content\/uploads\/2025\/12\/me-13-1-683x1024.jpg\" class=\"attachment-large size-large wp-image-158\" alt=\"\" srcset=\"https:\/\/pavlosphoto.pl\/wp-content\/uploads\/2025\/12\/me-13-1-683x1024.jpg 683w, https:\/\/pavlosphoto.pl\/wp-content\/uploads\/2025\/12\/me-13-1-200x300.jpg 200w, https:\/\/pavlosphoto.pl\/wp-content\/uploads\/2025\/12\/me-13-1-768x1152.jpg 768w, https:\/\/pavlosphoto.pl\/wp-content\/uploads\/2025\/12\/me-13-1-1024x1536.jpg 1024w, https:\/\/pavlosphoto.pl\/wp-content\/uploads\/2025\/12\/me-13-1.jpg 1365w\" sizes=\"(max-width: 683px) 100vw, 683px\" \/>\t\t\t\t\t\t\t\t\t\t\t\t\t\t\t<\/div>\n\t\t\t\t\t<\/div>\n\t\t\t\t<\/div>\n\t\t\t\t<\/div>\n\t\t","protected":false},"excerpt":{"rendered":"<p>Podr\u00f3\u017c w G\u0142\u0105b Rytua\u0142 to co\u015b wi\u0119cej ni\u017c sesja zdj\u0119ciowa. To proces transformacji, w kt\u00f3rym fotografia staje si\u0119 narz\u0119dziem uzdrawiania i odkrywania. \u0141\u0105czymy prac\u0119 z cia\u0142em, oddechem i intencj\u0105, aby dotrze\u0107 do tego, co w Tobie najg\u0142\u0119bsze i najprawdziwsze.<\/p>\n","protected":false},"author":2,"featured_media":0,"parent":0,"menu_order":3,"comment_status":"closed","ping_status":"closed","template":"","meta":{"footnotes":""},"class_list":["post-18","page","type-page","status-publish","hentry"],"_links":{"self":[{"href":"https:\/\/pavlosphoto.pl\/index.php\/wp-json\/wp\/v2\/pages\/18","targetHints":{"allow":["GET"]}}],"collection":[{"href":"https:\/\/pavlosphoto.pl\/index.php\/wp-json\/wp\/v2\/pages"}],"about":[{"href":"https:\/\/pavlosphoto.pl\/index.php\/wp-json\/wp\/v2\/types\/page"}],"author":[{"embeddable":true,"href":"https:\/\/pavlosphoto.pl\/index.php\/wp-json\/wp\/v2\/users\/2"}],"replies":[{"embeddable":true,"href":"https:\/\/pavlosphoto.pl\/index.php\/wp-json\/wp\/v2\/comments?post=18"}],"version-history":[{"count":11,"href":"https:\/\/pavlosphoto.pl\/index.php\/wp-json\/wp\/v2\/pages\/18\/revisions"}],"predecessor-version":[{"id":172,"href":"https:\/\/pavlosphoto.pl\/index.php\/wp-json\/wp\/v2\/pages\/18\/revisions\/172"}],"wp:attachment":[{"href":"https:\/\/pavlosphoto.pl\/index.php\/wp-json\/wp\/v2\/media?parent=18"}],"curies":[{"name":"wp","href":"https:\/\/api.w.org\/{rel}","templated":true}]}}