{"id":16,"date":"2025-12-16T12:40:32","date_gmt":"2025-12-16T11:40:32","guid":{"rendered":"https:\/\/pavlosphoto.pl\/?page_id=16"},"modified":"2025-12-18T20:40:48","modified_gmt":"2025-12-18T19:40:48","slug":"celebracja-piekna","status":"publish","type":"page","link":"https:\/\/pavlosphoto.pl\/index.php\/celebracja-piekna\/","title":{"rendered":"SESJE KOBIECE"},"content":{"rendered":"\t\t<div data-elementor-type=\"wp-page\" data-elementor-id=\"16\" class=\"elementor elementor-16\">\n\t\t\t\t<div class=\"elementor-element elementor-element-57145a00 e-flex e-con-boxed e-con e-parent\" data-id=\"57145a00\" data-element_type=\"container\">\n\t\t\t\t\t<div class=\"e-con-inner\">\n\t\t\t\t<div class=\"elementor-element elementor-element-23a01398 elementor-widget elementor-widget-text-editor\" data-id=\"23a01398\" data-element_type=\"widget\" data-widget_type=\"text-editor.default\">\n\t\t\t\t\t\t\t\t\t\n<p class=\"has-text-align-center\">Fotografia Kobieca<\/p>\n\n\n\n<h1 class=\"wp-block-heading has-text-align-center\">Celebracja Pi\u0119kna<\/h1>\n\n\n\n<p class=\"has-text-align-center\">Sesja kobieca to czas wy\u0142\u0105cznie dla Ciebie. To moment zatrzymania w biegu codzienno\u015bci, by spojrze\u0107 na siebie z czu\u0142o\u015bci\u0105 i zachwytem. Niezale\u017cnie od tego, czy potrzebujesz profesjonalnych zdj\u0119\u0107 wizerunkowych, czy intymnych portret\u00f3w dla samej siebie.<\/p>\n\n\n\n<p><\/p>\n\t\t\t\t\t\t\t\t<\/div>\n\t\t\t\t\t<\/div>\n\t\t\t\t<\/div>\n\t\t<div class=\"elementor-element elementor-element-49da363 e-grid e-con-boxed e-con e-parent\" data-id=\"49da363\" data-element_type=\"container\">\n\t\t\t\t\t<div class=\"e-con-inner\">\n\t\t\t\t<div class=\"elementor-element elementor-element-9f07289 elementor-widget elementor-widget-image\" data-id=\"9f07289\" data-element_type=\"widget\" data-widget_type=\"image.default\">\n\t\t\t\t\t\t\t\t\t\t\t\t\t\t\t\t<a href=\"https:\/\/pavlosphoto.pl\/wp-content\/uploads\/2025\/12\/me-04.jpg\" data-elementor-open-lightbox=\"yes\" data-elementor-lightbox-title=\"me-04\" data-e-action-hash=\"#elementor-action%3Aaction%3Dlightbox%26settings%3DeyJpZCI6MTA0LCJ1cmwiOiJodHRwczpcL1wvcGF2bG9zcGhvdG8ucGxcL3dwLWNvbnRlbnRcL3VwbG9hZHNcLzIwMjVcLzEyXC9tZS0wNC5qcGcifQ%3D%3D\">\n\t\t\t\t\t\t\t<img fetchpriority=\"high\" decoding=\"async\" width=\"682\" height=\"1024\" src=\"https:\/\/pavlosphoto.pl\/wp-content\/uploads\/2025\/12\/me-04-682x1024.jpg\" class=\"attachment-large size-large wp-image-104\" alt=\"\" srcset=\"https:\/\/pavlosphoto.pl\/wp-content\/uploads\/2025\/12\/me-04-682x1024.jpg 682w, https:\/\/pavlosphoto.pl\/wp-content\/uploads\/2025\/12\/me-04-200x300.jpg 200w, https:\/\/pavlosphoto.pl\/wp-content\/uploads\/2025\/12\/me-04-768x1154.jpg 768w, https:\/\/pavlosphoto.pl\/wp-content\/uploads\/2025\/12\/me-04-1022x1536.jpg 1022w, https:\/\/pavlosphoto.pl\/wp-content\/uploads\/2025\/12\/me-04.jpg 1363w\" sizes=\"(max-width: 682px) 100vw, 682px\" \/>\t\t\t\t\t\t\t\t<\/a>\n\t\t\t\t\t\t\t\t\t\t\t\t\t\t\t<\/div>\n\t\t\t\t<div class=\"elementor-element elementor-element-8a117ab elementor-widget elementor-widget-image\" data-id=\"8a117ab\" data-element_type=\"widget\" data-widget_type=\"image.default\">\n\t\t\t\t\t\t\t\t\t\t\t\t\t\t\t<img decoding=\"async\" width=\"683\" height=\"1024\" src=\"https:\/\/pavlosphoto.pl\/wp-content\/uploads\/2025\/12\/me-11-683x1024.jpg\" class=\"attachment-large size-large wp-image-111\" alt=\"\" srcset=\"https:\/\/pavlosphoto.pl\/wp-content\/uploads\/2025\/12\/me-11-683x1024.jpg 683w, https:\/\/pavlosphoto.pl\/wp-content\/uploads\/2025\/12\/me-11-200x300.jpg 200w, https:\/\/pavlosphoto.pl\/wp-content\/uploads\/2025\/12\/me-11-768x1152.jpg 768w, https:\/\/pavlosphoto.pl\/wp-content\/uploads\/2025\/12\/me-11-1024x1536.jpg 1024w, https:\/\/pavlosphoto.pl\/wp-content\/uploads\/2025\/12\/me-11.jpg 1365w\" sizes=\"(max-width: 683px) 100vw, 683px\" \/>\t\t\t\t\t\t\t\t\t\t\t\t\t\t\t<\/div>\n\t\t\t\t<div class=\"elementor-element elementor-element-36ab424 elementor-widget elementor-widget-image\" data-id=\"36ab424\" data-element_type=\"widget\" data-widget_type=\"image.default\">\n\t\t\t\t\t\t\t\t\t\t\t\t\t\t\t<img decoding=\"async\" width=\"455\" height=\"683\" src=\"https:\/\/pavlosphoto.pl\/wp-content\/uploads\/2025\/12\/me-09-edited.jpg\" class=\"attachment-large size-large wp-image-117\" alt=\"\" srcset=\"https:\/\/pavlosphoto.pl\/wp-content\/uploads\/2025\/12\/me-09-edited.jpg 455w, https:\/\/pavlosphoto.pl\/wp-content\/uploads\/2025\/12\/me-09-edited-200x300.jpg 200w\" sizes=\"(max-width: 455px) 100vw, 455px\" \/>\t\t\t\t\t\t\t\t\t\t\t\t\t\t\t<\/div>\n\t\t\t\t<div class=\"elementor-element elementor-element-ee7f33d elementor-widget elementor-widget-image\" data-id=\"ee7f33d\" data-element_type=\"widget\" data-widget_type=\"image.default\">\n\t\t\t\t\t\t\t\t\t\t\t\t\t\t\t<img loading=\"lazy\" decoding=\"async\" width=\"682\" height=\"1024\" src=\"https:\/\/pavlosphoto.pl\/wp-content\/uploads\/2025\/12\/me-05-682x1024.jpg\" class=\"attachment-large size-large wp-image-105\" alt=\"\" srcset=\"https:\/\/pavlosphoto.pl\/wp-content\/uploads\/2025\/12\/me-05-682x1024.jpg 682w, https:\/\/pavlosphoto.pl\/wp-content\/uploads\/2025\/12\/me-05-200x300.jpg 200w, https:\/\/pavlosphoto.pl\/wp-content\/uploads\/2025\/12\/me-05-768x1154.jpg 768w, https:\/\/pavlosphoto.pl\/wp-content\/uploads\/2025\/12\/me-05-1022x1536.jpg 1022w, https:\/\/pavlosphoto.pl\/wp-content\/uploads\/2025\/12\/me-05.jpg 1363w\" sizes=\"(max-width: 682px) 100vw, 682px\" \/>\t\t\t\t\t\t\t\t\t\t\t\t\t\t\t<\/div>\n\t\t\t\t<div class=\"elementor-element elementor-element-eab7ca7 elementor-widget elementor-widget-image\" data-id=\"eab7ca7\" data-element_type=\"widget\" data-widget_type=\"image.default\">\n\t\t\t\t\t\t\t\t\t\t\t\t\t\t\t<img loading=\"lazy\" decoding=\"async\" width=\"682\" height=\"1024\" src=\"https:\/\/pavlosphoto.pl\/wp-content\/uploads\/2025\/12\/me-07-682x1024.jpg\" class=\"attachment-large size-large wp-image-107\" alt=\"\" srcset=\"https:\/\/pavlosphoto.pl\/wp-content\/uploads\/2025\/12\/me-07-682x1024.jpg 682w, https:\/\/pavlosphoto.pl\/wp-content\/uploads\/2025\/12\/me-07-200x300.jpg 200w, https:\/\/pavlosphoto.pl\/wp-content\/uploads\/2025\/12\/me-07-768x1154.jpg 768w, https:\/\/pavlosphoto.pl\/wp-content\/uploads\/2025\/12\/me-07-1022x1536.jpg 1022w, https:\/\/pavlosphoto.pl\/wp-content\/uploads\/2025\/12\/me-07.jpg 1363w\" sizes=\"(max-width: 682px) 100vw, 682px\" \/>\t\t\t\t\t\t\t\t\t\t\t\t\t\t\t<\/div>\n\t\t\t\t<div class=\"elementor-element elementor-element-01150c7 elementor-widget elementor-widget-image\" data-id=\"01150c7\" data-element_type=\"widget\" data-widget_type=\"image.default\">\n\t\t\t\t\t\t\t\t\t\t\t\t\t\t\t<img loading=\"lazy\" decoding=\"async\" width=\"683\" height=\"1024\" src=\"https:\/\/pavlosphoto.pl\/wp-content\/uploads\/2025\/12\/me-08-683x1024.jpg\" class=\"attachment-large size-large wp-image-108\" alt=\"\" srcset=\"https:\/\/pavlosphoto.pl\/wp-content\/uploads\/2025\/12\/me-08-683x1024.jpg 683w, https:\/\/pavlosphoto.pl\/wp-content\/uploads\/2025\/12\/me-08-200x300.jpg 200w, https:\/\/pavlosphoto.pl\/wp-content\/uploads\/2025\/12\/me-08-768x1152.jpg 768w, https:\/\/pavlosphoto.pl\/wp-content\/uploads\/2025\/12\/me-08-1024x1536.jpg 1024w, https:\/\/pavlosphoto.pl\/wp-content\/uploads\/2025\/12\/me-08.jpg 1365w\" sizes=\"(max-width: 683px) 100vw, 683px\" \/>\t\t\t\t\t\t\t\t\t\t\t\t\t\t\t<\/div>\n\t\t\t\t\t<\/div>\n\t\t\t\t<\/div>\n\t\t<div class=\"elementor-element elementor-element-0f176ca e-flex e-con-boxed e-con e-parent\" data-id=\"0f176ca\" data-element_type=\"container\">\n\t\t\t\t\t<div class=\"e-con-inner\">\n\t\t\t\t<div class=\"elementor-element elementor-element-3f864bb elementor-widget elementor-widget-image\" data-id=\"3f864bb\" data-element_type=\"widget\" data-widget_type=\"image.default\">\n\t\t\t\t\t\t\t\t\t\t\t\t\t\t\t<img loading=\"lazy\" decoding=\"async\" width=\"1024\" height=\"546\" src=\"https:\/\/pavlosphoto.pl\/wp-content\/uploads\/2025\/12\/PAKIETY-WARSZAWA-kopia-1024x546.png\" class=\"attachment-large size-large wp-image-132\" alt=\"\" srcset=\"https:\/\/pavlosphoto.pl\/wp-content\/uploads\/2025\/12\/PAKIETY-WARSZAWA-kopia-1024x546.png 1024w, https:\/\/pavlosphoto.pl\/wp-content\/uploads\/2025\/12\/PAKIETY-WARSZAWA-kopia-300x160.png 300w, https:\/\/pavlosphoto.pl\/wp-content\/uploads\/2025\/12\/PAKIETY-WARSZAWA-kopia-768x410.png 768w, https:\/\/pavlosphoto.pl\/wp-content\/uploads\/2025\/12\/PAKIETY-WARSZAWA-kopia.png 1366w\" sizes=\"(max-width: 1024px) 100vw, 1024px\" \/>\t\t\t\t\t\t\t\t\t\t\t\t\t\t\t<\/div>\n\t\t\t\t\t<\/div>\n\t\t\t\t<\/div>\n\t\t<div class=\"elementor-element elementor-element-6c6efdd e-grid e-con-boxed e-con e-parent\" data-id=\"6c6efdd\" data-element_type=\"container\">\n\t\t\t\t\t<div class=\"e-con-inner\">\n\t\t\t\t<div class=\"elementor-element elementor-element-a6539c2 elementor-widget elementor-widget-image\" data-id=\"a6539c2\" data-element_type=\"widget\" data-widget_type=\"image.default\">\n\t\t\t\t\t\t\t\t\t\t\t\t\t\t\t<img loading=\"lazy\" decoding=\"async\" width=\"683\" height=\"1024\" src=\"https:\/\/pavlosphoto.pl\/wp-content\/uploads\/2025\/12\/o55-683x1024.png\" class=\"attachment-large size-large wp-image-163\" alt=\"\" srcset=\"https:\/\/pavlosphoto.pl\/wp-content\/uploads\/2025\/12\/o55-683x1024.png 683w, https:\/\/pavlosphoto.pl\/wp-content\/uploads\/2025\/12\/o55-200x300.png 200w, https:\/\/pavlosphoto.pl\/wp-content\/uploads\/2025\/12\/o55-768x1152.png 768w, https:\/\/pavlosphoto.pl\/wp-content\/uploads\/2025\/12\/o55-1024x1536.png 1024w, https:\/\/pavlosphoto.pl\/wp-content\/uploads\/2025\/12\/o55-1365x2048.png 1365w, https:\/\/pavlosphoto.pl\/wp-content\/uploads\/2025\/12\/o55-scaled.png 1707w\" sizes=\"(max-width: 683px) 100vw, 683px\" \/>\t\t\t\t\t\t\t\t\t\t\t\t\t\t\t<\/div>\n\t\t\t\t<div class=\"elementor-element elementor-element-ab0eacc elementor-widget elementor-widget-image\" data-id=\"ab0eacc\" data-element_type=\"widget\" data-widget_type=\"image.default\">\n\t\t\t\t\t\t\t\t\t\t\t\t\t\t\t<img loading=\"lazy\" decoding=\"async\" width=\"681\" height=\"1024\" src=\"https:\/\/pavlosphoto.pl\/wp-content\/uploads\/2025\/12\/18-681x1024.png\" class=\"attachment-large size-large wp-image-143\" alt=\"\" srcset=\"https:\/\/pavlosphoto.pl\/wp-content\/uploads\/2025\/12\/18-681x1024.png 681w, https:\/\/pavlosphoto.pl\/wp-content\/uploads\/2025\/12\/18-200x300.png 200w, https:\/\/pavlosphoto.pl\/wp-content\/uploads\/2025\/12\/18-768x1154.png 768w, https:\/\/pavlosphoto.pl\/wp-content\/uploads\/2025\/12\/18-1022x1536.png 1022w, https:\/\/pavlosphoto.pl\/wp-content\/uploads\/2025\/12\/18-1363x2048.png 1363w, https:\/\/pavlosphoto.pl\/wp-content\/uploads\/2025\/12\/18-scaled.png 1703w\" sizes=\"(max-width: 681px) 100vw, 681px\" \/>\t\t\t\t\t\t\t\t\t\t\t\t\t\t\t<\/div>\n\t\t\t\t<div class=\"elementor-element elementor-element-ab91765 elementor-widget elementor-widget-image\" data-id=\"ab91765\" data-element_type=\"widget\" data-widget_type=\"image.default\">\n\t\t\t\t\t\t\t\t\t\t\t\t\t\t\t<img loading=\"lazy\" decoding=\"async\" width=\"683\" height=\"1024\" src=\"https:\/\/pavlosphoto.pl\/wp-content\/uploads\/2025\/12\/J1-683x1024.png\" class=\"attachment-large size-large wp-image-145\" alt=\"\" srcset=\"https:\/\/pavlosphoto.pl\/wp-content\/uploads\/2025\/12\/J1-683x1024.png 683w, https:\/\/pavlosphoto.pl\/wp-content\/uploads\/2025\/12\/J1-200x300.png 200w, https:\/\/pavlosphoto.pl\/wp-content\/uploads\/2025\/12\/J1-768x1152.png 768w, https:\/\/pavlosphoto.pl\/wp-content\/uploads\/2025\/12\/J1-1024x1536.png 1024w, https:\/\/pavlosphoto.pl\/wp-content\/uploads\/2025\/12\/J1-1365x2048.png 1365w, https:\/\/pavlosphoto.pl\/wp-content\/uploads\/2025\/12\/J1-scaled.png 1707w\" sizes=\"(max-width: 683px) 100vw, 683px\" \/>\t\t\t\t\t\t\t\t\t\t\t\t\t\t\t<\/div>\n\t\t\t\t<div class=\"elementor-element elementor-element-a4f159f elementor-widget elementor-widget-image\" data-id=\"a4f159f\" data-element_type=\"widget\" data-widget_type=\"image.default\">\n\t\t\t\t\t\t\t\t\t\t\t\t\t\t\t<img loading=\"lazy\" decoding=\"async\" width=\"1024\" height=\"681\" src=\"https:\/\/pavlosphoto.pl\/wp-content\/uploads\/2025\/12\/6-1024x681.png\" class=\"attachment-large size-large wp-image-142\" alt=\"\" srcset=\"https:\/\/pavlosphoto.pl\/wp-content\/uploads\/2025\/12\/6-1024x681.png 1024w, https:\/\/pavlosphoto.pl\/wp-content\/uploads\/2025\/12\/6-300x200.png 300w, https:\/\/pavlosphoto.pl\/wp-content\/uploads\/2025\/12\/6-768x511.png 768w, https:\/\/pavlosphoto.pl\/wp-content\/uploads\/2025\/12\/6-1536x1022.png 1536w, https:\/\/pavlosphoto.pl\/wp-content\/uploads\/2025\/12\/6-2048x1363.png 2048w\" sizes=\"(max-width: 1024px) 100vw, 1024px\" \/>\t\t\t\t\t\t\t\t\t\t\t\t\t\t\t<\/div>\n\t\t\t\t<div class=\"elementor-element elementor-element-ebda8be elementor-widget elementor-widget-image\" data-id=\"ebda8be\" data-element_type=\"widget\" data-widget_type=\"image.default\">\n\t\t\t\t\t\t\t\t\t\t\t\t\t\t\t<img loading=\"lazy\" decoding=\"async\" width=\"682\" height=\"1024\" src=\"https:\/\/pavlosphoto.pl\/wp-content\/uploads\/2025\/12\/me-03-1-682x1024.jpg\" class=\"attachment-large size-large wp-image-148\" alt=\"\" srcset=\"https:\/\/pavlosphoto.pl\/wp-content\/uploads\/2025\/12\/me-03-1-682x1024.jpg 682w, https:\/\/pavlosphoto.pl\/wp-content\/uploads\/2025\/12\/me-03-1-200x300.jpg 200w, https:\/\/pavlosphoto.pl\/wp-content\/uploads\/2025\/12\/me-03-1-768x1154.jpg 768w, https:\/\/pavlosphoto.pl\/wp-content\/uploads\/2025\/12\/me-03-1-1022x1536.jpg 1022w, https:\/\/pavlosphoto.pl\/wp-content\/uploads\/2025\/12\/me-03-1.jpg 1363w\" sizes=\"(max-width: 682px) 100vw, 682px\" \/>\t\t\t\t\t\t\t\t\t\t\t\t\t\t\t<\/div>\n\t\t\t\t<div class=\"elementor-element elementor-element-9872a95 elementor-widget elementor-widget-image\" data-id=\"9872a95\" data-element_type=\"widget\" data-widget_type=\"image.default\">\n\t\t\t\t\t\t\t\t\t\t\t\t\t\t\t<img loading=\"lazy\" decoding=\"async\" width=\"683\" height=\"1024\" src=\"https:\/\/pavlosphoto.pl\/wp-content\/uploads\/2025\/12\/Julia-683x1024.png\" class=\"attachment-large size-large wp-image-141\" alt=\"\" srcset=\"https:\/\/pavlosphoto.pl\/wp-content\/uploads\/2025\/12\/Julia-683x1024.png 683w, https:\/\/pavlosphoto.pl\/wp-content\/uploads\/2025\/12\/Julia-200x300.png 200w, https:\/\/pavlosphoto.pl\/wp-content\/uploads\/2025\/12\/Julia-768x1152.png 768w, https:\/\/pavlosphoto.pl\/wp-content\/uploads\/2025\/12\/Julia-1024x1536.png 1024w, https:\/\/pavlosphoto.pl\/wp-content\/uploads\/2025\/12\/Julia-1365x2048.png 1365w, https:\/\/pavlosphoto.pl\/wp-content\/uploads\/2025\/12\/Julia-scaled.png 1707w\" sizes=\"(max-width: 683px) 100vw, 683px\" \/>\t\t\t\t\t\t\t\t\t\t\t\t\t\t\t<\/div>\n\t\t\t\t\t<\/div>\n\t\t\t\t<\/div>\n\t\t\t\t<\/div>\n\t\t","protected":false},"excerpt":{"rendered":"<p>Fotografia Kobieca Celebracja Pi\u0119kna Sesja kobieca to czas wy\u0142\u0105cznie dla Ciebie. To moment zatrzymania w biegu codzienno\u015bci, by spojrze\u0107 na siebie z czu\u0142o\u015bci\u0105 i zachwytem. Niezale\u017cnie od tego, czy potrzebujesz profesjonalnych zdj\u0119\u0107 wizerunkowych, czy intymnych portret\u00f3w dla samej siebie.<\/p>\n","protected":false},"author":2,"featured_media":0,"parent":0,"menu_order":2,"comment_status":"closed","ping_status":"closed","template":"","meta":{"footnotes":""},"class_list":["post-16","page","type-page","status-publish","hentry"],"_links":{"self":[{"href":"https:\/\/pavlosphoto.pl\/index.php\/wp-json\/wp\/v2\/pages\/16","targetHints":{"allow":["GET"]}}],"collection":[{"href":"https:\/\/pavlosphoto.pl\/index.php\/wp-json\/wp\/v2\/pages"}],"about":[{"href":"https:\/\/pavlosphoto.pl\/index.php\/wp-json\/wp\/v2\/types\/page"}],"author":[{"embeddable":true,"href":"https:\/\/pavlosphoto.pl\/index.php\/wp-json\/wp\/v2\/users\/2"}],"replies":[{"embeddable":true,"href":"https:\/\/pavlosphoto.pl\/index.php\/wp-json\/wp\/v2\/comments?post=16"}],"version-history":[{"count":15,"href":"https:\/\/pavlosphoto.pl\/index.php\/wp-json\/wp\/v2\/pages\/16\/revisions"}],"predecessor-version":[{"id":169,"href":"https:\/\/pavlosphoto.pl\/index.php\/wp-json\/wp\/v2\/pages\/16\/revisions\/169"}],"wp:attachment":[{"href":"https:\/\/pavlosphoto.pl\/index.php\/wp-json\/wp\/v2\/media?parent=16"}],"curies":[{"name":"wp","href":"https:\/\/api.w.org\/{rel}","templated":true}]}}